1) is divided by 5?
2
Suppose -2 = -4*q + 10. Suppose 0 = m + q*f - 129, 0 = 5*m - 4*f - 798 + 191. Let u(h) = -h**2 - h + 31. What is the remainder when m is divided by u(0)?
30
Suppose -3*s - 3*a + 5*a + 86 = 0, -3*a - 114 = -4*s. Let n = 1 - -7. What is the remainder when s is divided by n?
6
Let c = 24 + -24. Suppose 5*k + 20 = c, 3 = -q - k + 1. What is the remainder when (-36)/2*1/(-2) is divided by q?
1
Suppose -6*j + 207 = -129. What is the remainder when 107 is divided by j?
51
Calculate the remainder when 26 is divided by (2/(-4))/(13/(-364)).
12
Suppose 5*v + 0*v = 95. Suppose g = -12*t + 15*t + 188, 0 = -g + 2*t + 188. Calculate the remainder when g is divided by v.
17
Suppose 4*v - 30 = 7*v. Let m be 944/(-10) + (-4)/v. Calculate the remainder when m/(-6)*(18 - 15) is divided by 13.
8
Let i(p) = 3*p**2 - 27*p - 15. Calculate the remainder when i(13) is divided by 54.
33
Suppose 0 = -3*m - 0*m + 30. Let k = 31 + 7. Calculate the remainder when k is divided by m.
8
Let d be (-39)/(-15)*(7 + -2). Suppose 55 + d = -4*n. Let m = -10 - n. What is the remainder when 19 is divided by m?
5
Suppose -4*p + 9*p - 4*f = 1283, -2*f = -4*p + 1024. Calculate the remainder when 95 is divided by p/10 - (-3 - -1)/(-4).
20
Let t(u) = u**2 + 11*u - 7. Let w be t(-11). What is the remainder when 1056/21 - (-2)/w is divided by 1/(-4) + 53/4?
11
What is the remainder when (-194)/(-6) + 2/3 is divided by 4/(112/268) - 4/7?
6
Suppose 0 = 2*p - 1 - 15. Let l(a) = 2*a + 40. What is the remainder when l(-15) is divided by p?
2
Let i(t) = -5*t - 2. Let p be i(-1). Suppose p*c - 304 + 6 = -5*s, c - 5*s = 106. What is the remainder when c is divided by 26?
23
Suppose -2*s + 68 = 2*s. Let v(w) = 105*w - 9. Let k be v(2). Suppose 9*m = -k + 642. Calculate the remainder when m is divided by s.
15
Let k(m) = -2*m + 15. Suppose l + 5*x - 24 = 0, 4*l - 2*x - 4 = 4. Let p be (-1)/(2/24) + l. What is the remainder when k(p) is divided by 16?
15
What is the remainder when (4 - 610/25)/(2/(-5)) is divided by 14?
9
Suppose 0 = 10*m + 2*m + 84. Calculate the remainder when 47 is divided by 9 + (-6 - -2 - m/7).
5
Let r = 312 + -154. Let l = r + -75. What is the remainder when l is divided by 21?
20
Let j(s) = 3*s - 56 + 206 - 80. What is the remainder when 73 is divided by j(-11)?
36
Let w = -22 - -24. Suppose -2*p = -2*c + 5 + 1, p = -w*c. Suppose 0 = 2*z + 3*d + c - 35, 5*d = -10. Calculate the remainder when 76 is divided by z.
16
Suppose 185*a - 182*a - 279 = 0. Calculate the remainder when 282 is divided by a.
3
Let r(q) = -q**2 + 5*q + 440. What is the remainder when r(0) is divided by 21?
20
Let u = 623 - 449. Calculate the remainder when u is divided by 92.
82
Suppose 5*t = -12*t + 323. Let c(y) = -y**2 + 10*y - 3. Let u be c(5). Suppose r + r - u = 0. Calculate the remainder when t is divided by r.
8
Calculate the remainder when (-33)/(-27) + -1 - (-64538)/207 is divided by 53.
47
Suppose -5*k - a = -0*a - 67, 17 = k - a. Let b be k/5 + 2/10. Suppose b*y - 8*y = -65. Calculate the remainder when 37 is divided by y.
11
Suppose 4*c - 30 = -2*w + 188, 0 = -4*c - 3*w + 223. Calculate the remainder when 519 is divided by c.
51
Let o = 70 + -30. What is the remainder when 116 is divided by ((-12)/16)/((-1)/o)?
26
Suppose 3*t + 1 - 9 = 4*u, t - 5 = -u. Suppose 2*m = -2*y + 20, -t*y + 3*y - 50 = -4*m. Let x = 79 - m. Calculate the remainder when x is divided by 23.
21
Let b = -55 + 72. Calculate the remainder when 33 is divided by b.
16
Suppose 3*f - 3*x = 47 - 5, -5*f - 2*x = -56. Let r = 14 - 37. Let p = r + 58. Calculate the remainder when p is divided by f.
11
Let g(d) = -2*d**3 - 5*d**2 + 2*d + 3. Let y be 1/3 + 13/(-3). Calculate the remainder when g(y) is divided by (-9 - -6)/(3/(-23)).
20
Suppose -10 = -5*c + 5*q, -4*c + 9 = -4*q + q. Suppose 3*z + 3*t - 21 = 0, c*z - 3*t + 6 = -3. What is the remainder when z is divided by -3*(-1 - 1/(-3))?
0
Let r be (-1)/(3/(-2*3)). Suppose -4*a = 2*h, -h - r = 2. Calculate the remainder when a is divided by 1.
0
Let x(k) = -42*k + 73*k - 35*k - 5. Calculate the remainder when x(-4) is divided by 5.
1
Suppose 8 = 3*v - g, 5*g = -2*v - v - 4. Let m(d) = -4*d**v + 5*d**2 - 8*d - 72 + 69. What is the remainder when 9 is divided by m(9)?
3
Let r(x) be the third derivative of -x**4/6 - x**3/3 + 2*x**2. What is the remainder when (-3)/(-6)*(-2 - -18) is divided by r(-1)?
0
Let k = -1189 + 2209. What is the remainder when k is divided by 32?
28
Suppose -5*a + 140 = 3*z, -3*a + 20 + 88 = -3*z. Let k = -29 + a. What is the remainder when k is divided by 1?
0
Suppose 0 = -2*m + 166 + 26. Calculate the remainder when m is divided by 13.
5
Let n = -134 - -284. Calculate the remainder when n is divided by 52.
46
What is the remainder when 312/(-2340) - (-1 + (-4324)/30) is divided by 14?
5
Let c = 1656 - 2511. What is the remainder when c/(-21) + 2/7 is divided by (-2*16)/(-4) + 3?
8
Suppose -2*b + 31 = 3*w, 0 = -4*w - b + 7 + 41. Calculate the remainder when 4/(-18) + 335/9 is divided by w.
11
Suppose 0 = -4*s + 25 - 5. Suppose -d - 3*u = -5*u - 20, -2*d - 5*u = -4. Calculate the remainder when d is divided by s.
2
Let b = 14 + -10. Suppose 4*n - n + 9 = 3*f, -5*n - 15 = b*f. Suppose f = -3*y, 4*y + 11 = -4*d + 47. Calculate the remainder when 14 is divided by d.
5
Let w = 90 - 87. Let p = 8 - 2. What is the remainder when w/27*151 + 2/9 is divided by p?
5
Suppose 5*j = -f + 65, 4*j = 42*f - 47*f + 52. Calculate the remainder when 40 is divided by j.
1
Let x = 28 + -24. Suppose x + 1 = w - 5*t, 36 = 2*w + 3*t. Calculate the remainder when 25 - 1/(1/(-1)) is divided by w.
11
Let o(n) = 3*n - 4. Let w(p) = 8*p - 12. Let d(f) = 7*o(f) - 2*w(f). What is the remainder when d(6) is divided by (2*1)/(44/198)?
8
Suppose -6*w - 47 = 37. Let k = 20 + w. Calculate the remainder when 40 is divided by k.
4
Let b be 3/(9/(-6))*(-3)/2. What is the remainder when 44/(-2)*4/(-8) is divided by ((18/(-4))/b)/(29/(-58))?
2
Let a = -2 + 86. Suppose -5*w + a = 2*w. What is the remainder when 56 is divided by w?
8
Calculate the remainder when 4/(-8*(-11)/352) is divided by 15.
1
Suppose 0 = 4*a - 5*p - 37, -5*a + 3*p - 10 = 8*p. Calculate the remainder when 46 is divided by -3 - -3*10/a.
4
Let m(y) = -y**2 + 18*y + 14. Let w be m(19). Let b = 10 + w. Calculate the remainder when 21 is divided by b.
1
Let b be (-24)/6 - -8 - 0. Let t = 0 - -9. Let s = t - b. Calculate the remainder when 7 is divided by s.
2
Suppose -533 = 11*m - 687. What is the remainder when 517 is divided by m?
13
Let t(o) = -o**3 + 4*o**2 + 2*o + 9. Let u be t(5). Let m(c) = -c**2 - 5*c + 7. Let i be m(u). What is the remainder when 14 + -1*(i + 0) is divided by 5?
3
Let a(p) = -p**3 + 8*p**2 - 6*p - 10. Let n be a(7). What is the remainder when (-29)/n + (-5)/(-15) is divided by 3?
1
Suppose 5*w - 15*w = -230. What is the remainder when w is divided by 4?
3
Suppose 3*x + 15 = 0, 5*c - 3*c = -3*x - 9. Suppose -c*g + 3*y = -34 - 254, 5*y = 4*g - 387. What is the remainder when g is divided by 24?
21
Let d = 204 + -123. Suppose -85*w = -d*w - 36. Calculate the remainder when 23 is divided by w.
5
Calculate the remainder when 26 is divided by 17*(1 + (-1 - -1)).
9
Suppose -c + 0*c = -13. Let x(t) be the second derivative of -t**3/6 + 51*t**2/2 - 6*t. What is the remainder when x(0) is divided by c?
12
Let s = -2 + 7. What is the remainder when s is divided by (-6 + -2)*(238/28 + -9)?
1
Let k = 27 + -11. Let y = -12 + k. Suppose -90 + 294 = y*i. Calculate the remainder when i is divided by 13.
12
Suppose 0*p - p = -10. Let t(f) be the second derivative of -f**5/20 + f**4/3 + 7*f**3/6 - 2*f**2 + 2*f. Calculate the remainder when p is divided by t(5).
4
Let a(g) = 2*g**2 - 6*g. Let x be a(5). Suppose -x = -0*u - 5*u. Calculate the remainder when u is divided by 3.
1
Let k = -18 - -21. Suppose 6*w + 27 = m + 2*w, -2*w = -k*m + 31. What is the remainder when 26 is divided by m?
5
Calculate the remainder when 126 + 1/(-5) + (-24)/30 is divided by 18.
17
Let u(s) = 62*s**3 + 5*s**2 - 5*s + 4. What is the remainder when 76 is divided by u(1)?
10
Let z(m) = 23*m + 18. Let y be z(6). Suppose 0 = -2*v + y + 6. What is the remainder when v is divided by 0 - -2 - (-19)/1?
18
Let k = 567 - 312. What is the